s 18 + -2279?
-2261
In base 16, what is 28 - -50b5?
50dd
In base 5, what is -3432 - 13?
-4000
In base 14, what is ca862 + -2?
ca860
In base 9, what is -5053 + -3?
-5056
In base 12, what is -1 - -1467?
1466
In base 8, what is 5 + -1777610?
-1777603
In base 2, what is 10 - 1101010101010010110?
-1101010101010010100
In base 11, what is 123 + -298?
-175
In base 2, what is -111 - 10100010011?
-10100011010
In base 5, what is 31 - -320420?
321001
In base 12, what is 10 - -1bb1?
2001
In base 10, what is 60670 - -4?
60674
In base 3, what is -1002122100221 - 1?
-1002122100222
In base 8, what is 4707 + -30?
4657
In base 5, what is -10 + 1424324?
1424314
In base 16, what is -2fa - -76?
-284
In base 3, what is -11 - 1212021?
-1212102
In base 5, what is -34313021 - 10?
-34313031
In base 14, what is 57 + -1300?
-1287
In base 8, what is -751 - -135?
-614
In base 15, what is be82 + 8?
be8a
In base 16, what is -2 - 2935?
-2937
In base 12, what is -10 - 6240?
-6250
In base 3, what is 21 - -201102210011?
201102210102
In base 8, what is -53124 + -23?
-53147
In base 16, what is -202 - 1e?
-220
In base 12, what is -1873 - 358?
-200b
In base 10, what is 1121 - 9?
1112
In base 16, what is -cd28 - 11?
-cd39
In base 12, what is 1334 + -2?
1332
In base 15, what is -25c33 - 2?
-25c35
In base 16, what is d83a + 1?
d83b
In base 2, what is -100110000 + 10001000?
-10101000
In base 11, what is 0 + 4184a?
4184a
In base 4, what is 2132001211 - 10?
2132001201
In base 6, what is -4 - -1550005?
1550001
In base 8, what is -703 - -2504?
1601
In base 2, what is -10 + 110100111?
110100101
In base 14, what is 20 + -1190?
-1170
In base 13, what is -6c030b - -1?
-6c030a
In base 3, what is 10 - -12022220?
12100000
In base 11, what is 22 - -197a1?
19813
In base 14, what is -c60c0 - -4?
-c60ba
In base 6, what is 2055 + 1021?
3120
In base 14, what is 2 - 4658?
-4656
In base 4, what is -13220 - -13?
-13201
In base 7, what is 42 + 555?
630
In base 13, what is c + -25aa?
-259b
In base 10, what is 5 + 153212?
153217
In base 9, what is 2450312 + -4?
2450307
In base 9, what is -1172 + -56?
-1238
In base 10, what is -542 - -77?
-465
In base 11, what is -1189 - -3a?
-114a
In base 16, what is 8dd - 164?
779
In base 16, what is -61 - -620?
5bf
In base 5, what is 3 - -41441?
41444
In base 9, what is 8344 + 120?
8464
In base 8, what is -2635760 + -5?
-2635765
In base 6, what is 31 - 14033?
-14002
In base 7, what is 1030 - -33466?
34526
In base 16, what is 308bb - 1?
308ba
In base 12, what is -457423 + -4?
-457427
In base 6, what is 1 - -25041?
25042
In base 11, what is 787 + -788?
-1
In base 10, what is -2 - 40?
-42
In base 13, what is b2 - c8?
-16
In base 12, what is 1 - -38a0?
38a1
In base 7, what is -44422 + 40?
-44352
In base 16, what is 1 - -1fabf?
1fac0
In base 10, what is 53131 - -1?
53132
In base 16, what is -1 + -338c?
-338d
In base 14, what is -c88 - 5?
-c8d
In base 6, what is 2202232 + -5?
2202223
In base 4, what is -2 + -113300001?
-113300003
In base 15, what is 3 + -a438?
-a435
In base 2, what is -111100011001101 - -111?
-111100011000110
In base 3, what is -1001201 + -1120011?
-2121212
In base 6, what is 3310514 - 0?
3310514
In base 5, what is -131 - -4341233?
4341102
In base 4, what is -103 + 213310?
213201
In base 10, what is 160 - -686?
846
In base 14, what is -a8 - 14?
-bc
In base 3, what is -12001121 - 21?
-12001212
In base 12, what is 3 - -6210?
6213
In base 15, what is -bc + 53b?
46e
In base 5, what is -242132 - 1031?
-243213
In base 3, what is 11012110200 + 22?
11012110222
In base 7, what is -16 + 42125?
42106
In base 14, what is -30a + -aa?
-3b6
In base 3, what is 202000 - 1212?
200011
In base 15, what is -5027 - 2?
-5029
In base 2, what is -111100 + -111101001111011?
-111101010110111
In base 15, what is -16379 + -7?
-16381
In base 11, what is -3 - -28a3?
28a0
In base 11, what is 328 - 1a?
309
In base 4, what is -2202003 + 221?
-2201122
In base 15, what is -c - 22a5?
-22b2
In base 13, what is -122 + -1202?
-1324
In base 7, what is -46 - -4202?
4123
In base 16, what is -15a - f8?
-252
In base 13, what is 18 + -9544?
-9529
In base 16, what is 4 - cd34?
-cd30
In base 16, what is 5 + 2d9f8?
2d9fd
In base 2, what is -111000101 - 100?
-111001001
In base 3, what is 10221212 + 1021112?
12020101
In base 2, what is 0 + 10010001111000001010?
10010001111000001010
In base 16, what is 9 - 3d69?
-3d60
In base 8, what is -6 - 174615?
-174623
In base 2, what is -100000111 - 1011110110111?
-1100010111110
In base 7, what is 6 - 12206032?
-12206023
In base 4, what is -21323030 + 3?
-21323021
In base 8, what is 4 + 573?
577
In base 11, what is 451a4a - 0?
451a4a
In base 12, what is -20a764 + 1?
-20a763
In base 4, what is 132233313322 + 1?
132233313323
In base 16, what is -5435 + f?
-5426
In base 14, what is 43b - 74?
3a7
In base 2, what is 1111011010 - -100110?
10000000000
In base 6, what is 1 - 33145?
-33144
In base 9, what is -1275 - 7?
-1283
In base 14, what is 4 - -24a67?
24a6b
In base 16, what is 98 + -2e?
6a
In base 9, what is -10 - -8174?
8164
In base 15, what is -146e4 - 3?
-146e7
In base 16, what is -fe + 9f?
-5f
In base 16, what is e0f7 - -7?
e0fe
In base 11, what is 5a + -9a?
-40
In base 14, what is -117 - -67?
-90
In base 11, what is -35 - -32496?
32461
In base 14, what is 15981 + -4?
1597b
In base 8, what is -6510 - 200?
-6710
In base 4, what is -3323323013 + 10?
-3323323003
In base 14, what is -1b + -19108?
-19125
In base 3, what is -12222 - 2221200?
-10011122
In base 2, what is -110010000001101 + 11?
-110010000001010
In base 8, what is 22634 - -371?
23225
In base 2, what is -10101 + 10110010010?
10101111101
In base 13, what is 132 + -112c?
-cca
In base 11, what is 3 + -8370?
-8368
In base 10, what is -27 - -36?
9
In base 2, what is -1000110 + 1111111?
111001
In base 5, what is -10 - -1213123?
1213113
In base 9, what is 5 - 11410?
-11404
In base 16, what is 1 + 1867b?
1867c
In base 2, what is -1010010100000 + -101?
-1010010100101
In base 13, what is 2 + -1ac79?
-1ac77
In base 10, what is -1374 + -1094?
-2468
In base 14, what is -65266 - -4?
-65262
In base 2, what is 100 - -1110101011001000000?
1110101011001000100
In base 4, what is -10320003 + -21?
-10320030
In base 7, what is 24500 - -12?
24512
In base 6, what is 12 - -24055?
24111
In base 14, what is 0 + 2444?
2444
In base 3, what is -201 + 1020202002?
1020201101
In base 3, what is 12021012020 - -10?
12021012100
In base 11, what is -a78873 - -5?
-a78869
In base 3, what is 101100111202 + 2?
101100111211
In base 4, what is -1 - 1011130?
-1011131
In base 5, what is -3 - 340014?
-340022
In base 2, what is 1011010 + -10100011000?
-10010111110
In base 11, what is 120 + -341?
-221
In base 2, what is 1010111001111100 + 111011?
1010111010110111
In base 9, what is 24 + -23162?
-23137
In base 15, what is 8 + -225d?
-2255
In base 11, what is 3 - 405a4?
-405a1
In base 15, what is 2a - -54a?
575
In base 9, what is 271 - 420?
-138
In base 7, what is 223531 - -5?
223536
In base 16, what is 1f + c2?
e1
In base 7, what is 21323 - 52?
21241
In base 6, what is 2551 - -2405?
5400
In base 7, what is 2 + 4124240?
4124242
In base 10, what is 0 + 19878?
19878
In base 5, what is -2434 + -30243?
-33232
In base 10, what is -19 - 2237?
-2256
In base 4, what is 2 - -100132121?
100132123
In base 9, what is -15701 + 3?
-15687
In base 8, what is 3 - 6314?
-6311
In base 8, what is -251303 + -11?
-251314
In base 16, what is -934 + 535?
-3ff
In base 12, what is -86 + -1086?
-1150
In base 3, what is 110120202001 - -101?
110120202102
In base 6, what is -1 + 2233534?
2233533
In base 9, what is 2 - 74748?
-74746
In base 15, what is -1ee6 + bc?
-1e29
In base 6, what is -31512020 + -5?
-31512025
In base 16, what is -5 - 664f0?
-664f5
In base 8, what is 4 - -1144?
1150
In base 2, what is 1000111110000101 - 11?
1000111110000010
In base 3, what is 21 - -2201?
2222
In base 2, what is -110000111101101100 + 111?
-110000111101100101
In base 9, what is -208667 - -8?
-208658
In base 13, what is 1095b - -2?
10960
In base 14, what is 8762 - -8?
876a
In base 8, what is 242435 - -1?
242436
In base 8, what is 167531 + -10?
167521
In base 10, what is 2192 - 323?
1869
In base 6, what is 13435444 - -2?
13435450
In base 15, what is -c3b - -11?
-c2a
In base 11, what is -22 - -5541?
551a
In bas